n base 14, what is 4829 - 3?
4826
In base 3, what is 2 + -122010201222?
-122010201220
In base 10, what is 65 + -2373?
-2308
In base 4, what is -321 + 323?
2
In base 6, what is -21211 + -2?
-21213
In base 6, what is 55312 + -15?
55253
In base 4, what is -33121020 + 0?
-33121020
In base 6, what is -2542 - -41200?
34214
In base 7, what is 11 + 302425?
302436
In base 9, what is -1 + -84818?
-84820
In base 10, what is -144579 + -4?
-144583
In base 9, what is 1447311 - 5?
1447305
In base 4, what is -1112010003 + -10?
-1112010013
In base 7, what is 310 - 21062?
-20452
In base 8, what is 52615 + -2?
52613
In base 6, what is 124 - -203?
331
In base 16, what is -65 - -1e6?
181
In base 9, what is -4 - 18232?
-18236
In base 3, what is 202110020 + -2211?
202100102
In base 12, what is 21 - b03?
-aa2
In base 16, what is -8 + -a77?
-a7f
In base 13, what is -acb7 + 7?
-acb0
In base 13, what is 130 + 901?
a31
In base 6, what is 2025 + -5201?
-3132
In base 5, what is 2423131 + -2?
2423124
In base 16, what is 5 + dae?
db3
In base 10, what is 5957 + 4?
5961
In base 12, what is -21b91 - -7?
-21b86
In base 16, what is 337cb + 2?
337cd
In base 3, what is 11102102 - 201120?
10200212
In base 13, what is 98 + 313?
3ab
In base 8, what is -22546 + 13?
-22533
In base 6, what is -4 - -13301?
13253
In base 15, what is 7a8 - -19?
7c2
In base 2, what is -101101010110110 + 10011010?
-101101000011100
In base 14, what is -5 + -13b47?
-13b4c
In base 15, what is -1d01b0 + 3?
-1d01ac
In base 8, what is 3371 - -100?
3471
In base 11, what is 226430 - 5?
226426
In base 10, what is 963 - 1751?
-788
In base 8, what is 270 + 1227?
1517
In base 12, what is 18b4994 - 4?
18b4990
In base 5, what is 220040232 + -4?
220040223
In base 4, what is -110 + 302311?
302201
In base 15, what is 14ab0 + 29?
14ad9
In base 14, what is 31 - -35196?
351c7
In base 10, what is -18 - 18817?
-18835
In base 15, what is -db92c + -1?
-db92d
In base 4, what is 1020 - 12311120?
-12310100
In base 11, what is -31 + 1652?
1621
In base 3, what is 0 + -101210201201?
-101210201201
In base 7, what is -4 - -364?
360
In base 7, what is 3 + 300612?
300615
In base 2, what is -1011111 - -10000011?
100100
In base 10, what is -850 - 1?
-851
In base 5, what is -130 - 12122?
-12302
In base 5, what is 10014200 + -3?
10014142
In base 4, what is 1123310112 + 10?
1123310122
In base 6, what is 422 + -3?
415
In base 9, what is -303 - 4242?
-4545
In base 12, what is -b - -2010?
2001
In base 3, what is -2122 + 11120200?
11111001
In base 11, what is 1 + -22507a?
-225079
In base 7, what is 2424111 + -5?
2424103
In base 9, what is -5860 + 12?
-5847
In base 9, what is 12 - 628767?
-628755
In base 16, what is -1c - 96?
-b2
In base 16, what is 1 + 1739?
173a
In base 16, what is -1a88c - 5?
-1a891
In base 3, what is 1222 + -1011210?
-1002211
In base 11, what is -50a26a - 7?
-50a276
In base 12, what is 71253 - -4?
71257
In base 6, what is -4 + 2435?
2431
In base 7, what is 6633455 - -2?
6633460
In base 16, what is 67 + -1a40?
-19d9
In base 3, what is -11 + -11022001201?
-11022001212
In base 15, what is -775 + 6?
-76e
In base 15, what is 8c9 - -7?
8d1
In base 6, what is -2020 + 1254?
-322
In base 9, what is -4 - 23321?
-23325
In base 2, what is -10000101000 - -11100010?
-1101000110
In base 11, what is 19 + -1630?
-1612
In base 4, what is 3003 + 212?
3221
In base 13, what is -3 - 234c?
-2352
In base 10, what is 8944 + -2?
8942
In base 9, what is 13181 + 1?
13182
In base 11, what is 59 + aa?
158
In base 12, what is -b0 - -6857?
6767
In base 5, what is 10 + 1433334?
1433344
In base 16, what is -4 + -3752?
-3756
In base 7, what is 10463246 - 0?
10463246
In base 4, what is 1213 - 11302?
-10023
In base 9, what is 0 + 13255?
13255
In base 16, what is 7 - d5c0?
-d5b9
In base 12, what is 7 - 72807?
-72800
In base 15, what is -63e9a + -2?
-63e9c
In base 3, what is 20 - 12112200?
-12112110
In base 10, what is 21 - 3010?
-2989
In base 3, what is -22221 - 20200?
-120121
In base 13, what is 4 - -8b04?
8b08
In base 11, what is -73 + 122aa?
12237
In base 7, what is 232154 + -16?
232135
In base 3, what is 2101 - -21022210?
21102011
In base 4, what is -10030 + -323223?
-333313
In base 12, what is -3b2958 + -3?
-3b295b
In base 3, what is 22 + 20122220212?
20122221011
In base 3, what is -112 - -2212012010?
2212011121
In base 12, what is 4 + -3416?
-3412
In base 2, what is -11011 - 1100110001?
-1101001100
In base 8, what is 114 + -714?
-600
In base 7, what is 5 + 2416201?
2416206
In base 12, what is 2a + -1b86?
-1b58
In base 6, what is -11434 + 4?
-11430
In base 7, what is 6345 + 4?
6352
In base 3, what is -11011211022000 - 1?
-11011211022001
In base 12, what is 341 + -1022?
-8a1
In base 13, what is -ba868 + -1?
-ba869
In base 4, what is 3 + 3231021?
3231030
In base 9, what is -13 - 557?
-571
In base 12, what is 5 - -5947?
5950
In base 15, what is -3 - -26997?
26994
In base 16, what is -115e - -1?
-115d
In base 8, what is -12 - 7354?
-7366
In base 3, what is -1011000112 + 0?
-1011000112
In base 3, what is -2 + -1020010100?
-1020010102
In base 9, what is 5 + 162051?
162056
In base 10, what is -3908 - 505?
-4413
In base 6, what is 30 - 52311?
-52241
In base 13, what is -12 + -1a4?
-1b6
In base 12, what is -2 - 40729?
-4072b
In base 4, what is 11 - -33200210?
33200221
In base 14, what is 1c4b + -13?
1c38
In base 5, what is 2 - -20213014?
20213021
In base 3, what is -2110111 - 111120?
-2222001
In base 6, what is 3 - 104235?
-104232
In base 10, what is -15 - -5486?
5471
In base 2, what is 11010 - -100011110100?
100100001110
In base 14, what is -2 + -76b8?
-76ba
In base 11, what is -481a6 - -5?
-481a1
In base 11, what is -10 + -86673?
-86683
In base 9, what is 10 + 45315?
45325
In base 8, what is -63123 - -23?
-63100
In base 3, what is 1100212220 + -12?
1100212201
In base 3, what is 1112021220 - 111?
1112021102
In base 13, what is -ba - -2ac?
1c2
In base 14, what is 1c4b37 - -3?
1c4b3a
In base 15, what is 1823 - -46?
1869
In base 5, what is -12443232 - 3?
-12443240
In base 8, what is 71 + -353?
-262
In base 4, what is 1030 + 13002?
20032
In base 7, what is -1 - -221?
220
In base 7, what is 5 + -420105?
-420100
In base 5, what is 202042 + 243?
202340
In base 6, what is 210 + -11252?
-11042
In base 10, what is -42420 + 5?
-42415
In base 10, what is -12 - -11170?
11158
In base 4, what is 133 + -110122010?
-110121211
In base 12, what is 12761 - 9a?
12683
In base 5, what is -2 + 212300?
212243
In base 16, what is 739 - -1?
73a
In base 16, what is caa - 33?
c77
In base 7, what is 144002 - -34?
144036
In base 6, what is 4 - -11241435?
11241443
In base 13, what is -60 + 85?
25
In base 14, what is -5 + -11751?
-11756
In base 2, what is -11001 - 1110101?
-10001110
In base 2, what is 10001010100011010 + -11?
10001010100010111
In base 7, what is 1012 + -100?
612
In base 11, what is -924 - 1061?
-1985
In base 3, what is 110112220 - -1?
110112221
In base 6, what is 1 + 133323?
133324
In base 4, what is 10122230 + -120?
10122110
In base 4, what is -111122203 - -232?
-111121311
In base 15, what is 84 - -79d?
832
In base 16, what is 4 - 2700?
-26fc
In base 8, what is 56437 + -14?
56423
In base 11, what is 2890 + -5?
2886
In base 4, what is 2211130 + 3312?
2221102
In base 11, what is 12a105 - -3?
12a108
In base 2, what is 1110011001110101110111 + -101?
1110011001110101110010
In base 5, what is -3034 + -1020?
-4104
In base 12, what is -87b + -57?
-916
In base 3, what is 20200100021 + 100?
20200100121
In base 8, what is -32516 - -5?
-32511
In base 7, what is -5 - 250312?
-250320
In base 13, what is -1 + 47b1?
47b0
In base 7, what is -4 - 1214244?
-1214251
In base 9, what is -184 + 2244?
2050
In base 4, what is 2131001 + -11?
2130330
In base 10, what is 252989 - -2?
252991
In base 11, what is 3 - 1143525?
-1143522
In base 7, what is 2320 - -31?
2351
In base 12, what is 759aa - 0?
759aa
In base 4, what is 3 - -2133332122?
2133332131
In base 4, what is -23 - 113212221?
-113212310
In base 8, what is 171317 + -2?
171315
In base 4, what is 3 + 120020333?
120021002
In base 14, what is -4db0 - -3?
-4dab
In base 13, what is -aaa914 + 1?
-aaa913
In base 16, what is 151 - -1f0?
341
In base 3, what is 1002112212012 + 1?
1002112212020
In base 15, what is -3416 - -48?
-33bd
In base 3, what is -122 + -220